a = -15 - -17. Suppose -a*k = -6*k + 20. Suppose -k = -2*x - 5*z + 8, 3*x - 8 = 4*z. What is the remainder when 5 is divided by x?
1
Let n = -1743 + 1833. Calculate the remainder when n is divided by 40.
10
Suppose 16*s - 12*s = 128. Suppose -5*d = -4*d - 38. Let g = 55 - d. Calculate the remainder when s is divided by g.
15
Suppose -512*s + 493*s = -1045. What is the remainder when 228 is divided by s?
8
Let k(l) = 2*l**2 - 5*l - 26. Suppose 3*j + 5*w + 21 = 0, 6*j = 3*j + w - 21. What is the remainder when k(j) is divided by 27?
26
Let i(t) = 15*t - 51. Suppose -8 - 4 = -h + 4*p, -14 = -2*h - 2*p. Calculate the remainder when i(h) is divided by 15.
9
Let h(b) = -37*b - 14. Let k(y) = -5*y + 9. Let w(n) = 14*n - 28. Let p(a) = -11*k(a) - 4*w(a). What is the remainder when h(-1) is divided by p(0)?
10
Let o = -5 + 21. Suppose o + 6 = 5*s - 2*f, -4*f = s. Suppose s*h - 2*i = 2*i + 168, 3*h - 4*i - 127 = 0. What is the remainder when h is divided by 22?
19
Let h be (4 - 192/9)*-12. Suppose 0 = -5*b + 9*b - h. Calculate the remainder when b is divided by 27.
25
Let l(y) = -51*y. What is the remainder when 402*((-2)/(-5) + (-1)/(-10)) is divided by l(-1)?
48
Suppose -4*s + 2 = -2*s. Let a = 10 + s. Calculate the remainder when a is divided by 7.
4
Suppose -25 + 263 = 17*w. Calculate the remainder when 96 is divided by w.
12
Suppose -11*k + 23 = 1. Suppose 3*a + 4*f = 96 + 2, 0 = a - k*f - 46. What is the remainder when a is divided by 9?
2
Let y be (-1)/(-1 - (-1)/2). Let d be (-10)/((-32)/(-15) - y). What is the remainder when 87 is divided by d/(-3) + 0 + -3?
21
Suppose 8*g + g = 72. What is the remainder when (-3)/g - 1255/(-40) is divided by 9?
4
Let a = -377 - -390. Calculate the remainder when 83 is divided by a.
5
Suppose -4*p = -o - 16, -3*o = p - 4*p + 57. Let k = o - -30. Calculate the remainder when ((-37)/(-3))/(1/3) is divided by k.
7
Let h = 45 + -41. Suppose c - 35 = h. Calculate the remainder when c is divided by 20.
19
Let r(z) = -z**2 + 5*z + 30. What is the remainder when 45 is divided by r(7)?
13
Suppose 0 = 5*i + 14*i - 361. Calculate the remainder when 48 is divided by i.
10
Suppose -t - u + 9 = 0, t - 79*u = -81*u + 11. Let w = -14 - -39. What is the remainder when w is divided by t?
4
Let f(r) = 22*r - 8. What is the remainder when 128 is divided by f(2)?
20
Let o(g) = 5*g + 4*g + 0*g - 2*g**2 + 2*g + 4. Let i be o(9). Let z = 88 + i. What is the remainder when z is divided by 6?
5
Let c(i) = 3*i + 14. Let z be c(-4). Let q = 26 - z. Calculate the remainder when 93 is divided by q.
21
Suppose -102 = -15*i + 243. What is the remainder when i is divided by 4?
3
Let q(j) = 6*j + 48. Calculate the remainder when q(3) is divided by 10.
6
Suppose -6*r + 132 = -2*r. Suppose 5*c = 4*o + 29, 5*c - r = -2*o + 5*o. Suppose 2*z = 5*z - 45. Calculate the remainder when z is divided by c.
6
What is the remainder when 40/(-5) + 56 + 2 is divided by 29?
21
Let q(p) = -3*p**2 + 17*p + 55. Let a(w) = w**2 - 6*w - 18. Let u(g) = -17*a(g) - 6*q(g). Calculate the remainder when u(-11) is divided by 49.
48
Suppose -x - 1 = 0, -28 = -4*l + 6*x - 2*x. Suppose 0 = -2*j + l*j - 348. Calculate the remainder when j is divided by 22.
21
Let u(b) = -b - 9. Let k(s) = -s**2 - s + 1. Let l(a) = -k(a) + u(a). Calculate the remainder when 10 is divided by l(-4).
4
Let y(k) = k**2 + 15*k - 2. Let p be y(-15). Calculate the remainder when 82 is divided by 51/3 + -1 + p.
12
Let d be 69/4 + 15/20. Let f(g) = -g**2 + 22*g - 45. Calculate the remainder when 133 is divided by f(d).
25
Let v(f) = -7*f. What is the remainder when v(-7) is divided by (2/(-6))/((-30)/900)?
9
Let x = 581 + -570. What is the remainder when (-55 + 1)/(-2 - -1) is divided by x?
10
Suppose -n = 44 - 54. What is the remainder when (-482)/(-12) + 13/(-78) is divided by n?
0
Let o(v) = v**3 + 11*v**2 - 13*v - 2. Suppose 2*p - 8 = 0, 5*u - u + 20 = -5*p. Calculate the remainder when (-4)/u + 2068/55 is divided by o(-12).
8
Let o(x) = -x**2 - 7*x - 11. Let t be o(-4). Calculate the remainder when (8/(-6))/(t/(-18)) is divided by 3.
0
What is the remainder when 1*-1*(-8)/((-48)/(-498)) is divided by 22?
17
Let i = 113 - 83. Let q be (-2)/(-3) + (-2)/(-6). Calculate the remainder when (-117 - q)*(-2 - -1) is divided by i.
28
Let r(k) = -18*k**2 - 6*k - 5. Let j(u) = 19*u**2 + 7*u + 6. Let s(o) = -2*j(o) - 3*r(o). Calculate the remainder when 44 is divided by s(-1).
14
Let x be (-3)/6 - 199/(-2). Let o = x + -40. What is the remainder when o is divided by 90/8 + (-12)/(-16)?
11
Let y = -66 - -43. Let x = -10 - y. Suppose -g = -5*d - 44, -g - 2*d + 40 = -5*d. Calculate the remainder when g is divided by x.
8
Let b(l) = l**3 - 12*l**2 - 13*l + 17. Suppose -g - 67 = -5*n, -4*g = n - 7 + 2. What is the remainder when b(n) is divided by 9?
8
Suppose -5*x = 12*w - 131 - 70, -5*w = 10. Calculate the remainder when x is divided by 8.
5
Let y = 359 + -150. Suppose -3*g + 3*u = 7*u - 121, -5*g + y = 3*u. Calculate the remainder when g is divided by 9.
7
Let h be 297/7 - 8/(-14). Let o be (-2 + (-14)/(-10))*5. Let q = h + o. What is the remainder when q is divided by 14?
12
Let p = 1346 + -1334. What is the remainder when 1652 is divided by p?
8
Let k(w) = w**3 + 16*w**2 + 33*w + 14. What is the remainder when 640 is divided by k(-13)?
88
Suppose -100*q + 17839 = 1639. What is the remainder when q is divided by 40?
2
Let n(m) = m**2 + 5*m - 49. Calculate the remainder when 50 is divided by n(-11).
16
Let f = 864 + -762. What is the remainder when f is divided by 26?
24
Suppose 5*j = 224 + 61. Calculate the remainder when j is divided by 31.
26
Let g(f) = -f + 34. What is the remainder when 7719/124*80/30 is divided by g(0)?
30
Suppose 4*c - 3*p = 32 + 9, 60 = 5*c + 5*p. Let l(y) = -10*y**3 + 2*y**2 + 2*y + 2. What is the remainder when l(-2) is divided by c?
9
Let y = 2059 + -2049. What is the remainder when y is divided by 10?
0
Let y be (0 - -3)*2/(-2). Let u = 0 - y. What is the remainder when u is divided by 3?
0
Suppose 35 = 2*h + 4*i - 15, -2*h = -4*i - 18. Calculate the remainder when 122 is divided by h.
3
Suppose -10*i = -5*i + 10. Calculate the remainder when (i + 0)*(-275)/25 is divided by 7.
1
Suppose 55*v - 48*v = 63. What is the remainder when 34 is divided by v?
7
Suppose 289 = 5*s - 3*b + 26, 0 = -3*s - 4*b + 152. What is the remainder when s is divided by 14?
10
Let q be -25 - 0/(-2 - 1). Let t = q - -43. What is the remainder when t is divided by 7?
4
Let u = 52 - 86. Let o = u - -94. Suppose -o - 60 = -5*x. Calculate the remainder when 119 is divided by x.
23
Suppose -3*a = 9*f - 10*f - 1186, f + 4 = 0. What is the remainder when a is divided by 24?
10
Let u = 4 - -2. Let a(f) = -f**3 + 7*f**2 - 7*f + 8. What is the remainder when u is divided by a(6)?
0
Suppose 3*q - 4*l = 391, -5*q + 370 + 270 = 5*l. Calculate the remainder when 255 is divided by q.
126
Let k(f) = -2*f**3 - f**2 - 8*f - 7. What is the remainder when 39 is divided by k(-2)?
18
Suppose 217 = 6*j + 205. Calculate the remainder when 19 is divided by j.
1
Let x(b) = 19*b - 1. Let t be -2 + (-7)/(7/4). Let w(l) = -l**3 - 7*l**2 - 6*l + 2. Let r be w(t). What is the remainder when x(r) is divided by 13?
11
Let u(y) = 62*y**3 + y**2 - 2*y + 1. Let x = 173 + -164. Calculate the remainder when u(1) is divided by x.
8
Let h be (322/(-8))/((-1)/4). Let r(w) = -14*w - 2. Let z be r(-7). Let u = h - z. What is the remainder when u is divided by 22?
21
Let t = -9 - -27. Suppose g = 9 - 4. Calculate the remainder when t is divided by g.
3
Let y be ((-8)/6)/(10/(-30)). Suppose 1 = y*n - 31. Calculate the remainder when 70 is divided by n.
6
Let r(k) = 2*k**2 - 14*k + 4. Let z(p) = 6*p + 6. Let u be z(1). What is the remainder when r(u) is divided by 32?
28
What is the remainder when 63 is divided by 5 + -5 - (-72)/3?
15
Suppose 5*r + 0*z + 2 = 3*z, 3*r + 4*z + 7 = 0. Let u be -2 + r - (-3 - 3). Suppose u*l - 24 - 3 = 0. What is the remainder when l is divided by 6?
3
Let a = -152 + 167. Calculate the remainder when (-4)/(-6) - (-410)/15 is divided by a.
13
Suppose 0 = 5*v - 7 - 33. Suppose n - 3*n = -4*u - v, 5*n + 4*u = 20. Suppose 2*x - f = 13, -4*f + 0 = -2*x + 22. What is the remainder when x is divided by n?
1
Let u = -590 - -6